{"id":17,"date":"2022-03-21T15:39:46","date_gmt":"2022-03-21T15:39:46","guid":{"rendered":"https:\/\/bslthemes.com\/kaffen\/?page_id=17"},"modified":"2024-12-13T09:11:23","modified_gmt":"2024-12-13T07:11:23","slug":"home","status":"publish","type":"page","link":"https:\/\/csepelcsapszek.hu\/","title":{"rendered":"Home"},"content":{"rendered":"\t\t<div data-elementor-type=\"wp-page\" data-elementor-id=\"17\" class=\"elementor elementor-17\" data-elementor-post-type=\"page\">\n\t\t\t\t\t\t<section class=\"elementor-section elementor-top-section elementor-element elementor-element-0c4bf94 elementor-section-full_width elementor-section-height-default elementor-section-height-default\" data-id=\"0c4bf94\" data-element_type=\"section\">\n\t\t\t\t\t\t<div class=\"elementor-container elementor-column-gap-no\">\n\t\t\t\t\t<div class=\"elementor-column elementor-col-100 elementor-top-column elementor-element elementor-element-7e9ea27\" data-id=\"7e9ea27\" data-element_type=\"column\">\n\t\t\t<div class=\"elementor-widget-wrap elementor-element-populated\">\n\t\t\t\t\t\t<div class=\"elementor-element elementor-element-a57e8af elementor-widget elementor-widget-kaffen-hero-slider\" data-id=\"a57e8af\" data-element_type=\"widget\" data-widget_type=\"kaffen-hero-slider.default\">\n\t\t\t\t<div class=\"elementor-widget-container\">\n\t\t\t\t\t\n\t\t\t\t<!-- Section Started Slider -->\n\t\t<section class=\"section kf-started-slider\">\n\t\t\t<div class=\"swiper-container\">\n\t\t\t\t<div class=\"swiper-wrapper\">\n\t\t\t\t\t\t\t\t\t\t<div class=\"swiper-slide\">\n\n\t\t\t\t\t\t<div class=\"kf-started-item\">\n\t\t\t\t\t\t\t\t\t\t\t\t\t\t<div class=\"slide js-parallax\" style=\"background-image: url('https:\/\/csepelcsapszek.hu\/wp-content\/uploads\/2023\/04\/CSCS_01.png');\"><\/div>\n\t\t\t\t\t\t\t\t\t\t\t\t\t\t<div class=\"container\">\n\t\t\t\t\t\t\t\t<div class=\"description align-left element-anim-1\">\n\t\t\t\t\t\t\t\t\t\t\t\t\t\t\t\t\t\t<div class=\"subtitles\">\n\t\t\t\t\t\t\t\t\t\t<div >\n\t\t\t\t\t\t\t\t\t\t\t<p>Made in Hungary<\/p>\t\t\t\t\t\t\t\t\t\t<\/div>\n\t\t\t\t\t\t\t\t\t<\/div>\n\t\t\t\t\t\t\t\t\t\t\t\t\t\t\t\t\t\t\t\t\t\t\t\t\t\t\t<div class=\"name text-anim-1\" data-splitting=\"chars\">\n\t\t\t\t\t\t\t\t\t\t<span >\n\t\t\t\t\t\t\t\t\t\t\tA csapok m\u00f6g\u00f6tt: <br> Csepel D-344\t\t\t\t\t\t\t\t\t\t<\/span>\n\t\t\t\t\t\t\t\t\t<\/div>\n\t\t\t\t\t\t\t\t\t\t\t\t\t\t\t\t\t\t\t\t\t\t\t\t\t\t\t<div class=\"kf-bts\">\n\t\t\t\t\t\t\t\t\t\t\t\t\t\t\t\t\t\t\t\t<a href=\"https:\/\/csepelcsapszek.hu\/index.php\/kinalatunk\/\" class=\"kf-btn\">\n\t\t\t\t\t\t\t\t\t\t\t<span >K\u00edn\u00e1latunk<\/span>\n\t\t\t\t\t\t\t\t\t\t\t<i class=\"fas fa-chevron-right\"><\/i>\n\t\t\t\t\t\t\t\t\t\t<\/a>\n\t\t\t\t\t\t\t\t\t\t\t\t\t\t\t\t\t\t\t\t\t\t\t\t\t\t\t\t\t\t<a href=\"https:\/\/csepelcsapszek.hu\/index.php\/reservation\/\" class=\"kf-btn dark-btn\">\n\t\t\t\t\t\t\t\t\t\t\t<span >Tal\u00e1lkozzunk<\/span>\n\t\t\t\t\t\t\t\t\t\t\t<i class=\"fas fa-chevron-right\"><\/i>\n\t\t\t\t\t\t\t\t\t\t<\/a>\n\t\t\t\t\t\t\t\t\t\t\t\t\t\t\t\t\t\t\t<\/div>\n\t\t\t\t\t\t\t\t\t\t\t\t\t\t\t\t\t<\/div>\n\t\t\t\t\t\t\t<\/div>\n\t\t\t\t\t\t<\/div>\n\n\t\t\t\t\t<\/div>\n\t\t\t\t\t\t\t\t\t\t<div class=\"swiper-slide\">\n\n\t\t\t\t\t\t<div class=\"kf-started-item\">\n\t\t\t\t\t\t\t\t\t\t\t\t\t\t<div class=\"slide js-parallax\" style=\"background-image: url('https:\/\/csepelcsapszek.hu\/wp-content\/uploads\/2023\/04\/CSCS_02_b.png');\"><\/div>\n\t\t\t\t\t\t\t\t\t\t\t\t\t\t<div class=\"container\">\n\t\t\t\t\t\t\t\t<div class=\"description align-left element-anim-1\">\n\t\t\t\t\t\t\t\t\t\t\t\t\t\t\t\t\t\t<div class=\"subtitles\">\n\t\t\t\t\t\t\t\t\t\t<div >\n\t\t\t\t\t\t\t\t\t\t\t<p>Csepel Csapsz\u00e9k<\/p>\t\t\t\t\t\t\t\t\t\t<\/div>\n\t\t\t\t\t\t\t\t\t<\/div>\n\t\t\t\t\t\t\t\t\t\t\t\t\t\t\t\t\t\t\t\t\t\t\t\t\t\t\t<div class=\"name text-anim-1\" data-splitting=\"chars\">\n\t\t\t\t\t\t\t\t\t\t<span >\n\t\t\t\t\t\t\t\t\t\t\tS\u00f6rre bor<br>Mindenkor!\t\t\t\t\t\t\t\t\t\t<\/span>\n\t\t\t\t\t\t\t\t\t<\/div>\n\t\t\t\t\t\t\t\t\t\t\t\t\t\t\t\t\t\t\t\t\t\t\t\t\t\t\t<div class=\"kf-bts\">\n\t\t\t\t\t\t\t\t\t\t\t\t\t\t\t\t\t\t\t\t<a href=\"\/kaffen\/menu-cafe\/\" class=\"kf-btn\">\n\t\t\t\t\t\t\t\t\t\t\t<span >K\u00edn\u00e1latunk<\/span>\n\t\t\t\t\t\t\t\t\t\t\t<i class=\"fas fa-chevron-right\"><\/i>\n\t\t\t\t\t\t\t\t\t\t<\/a>\n\t\t\t\t\t\t\t\t\t\t\t\t\t\t\t\t\t\t\t\t\t\t\t\t\t\t\t\t\t\t<a href=\"\/kaffen\/reservation\/\" class=\"kf-btn dark-btn\">\n\t\t\t\t\t\t\t\t\t\t\t<span >Tal\u00e1lkozzunk<\/span>\n\t\t\t\t\t\t\t\t\t\t\t<i class=\"fas fa-chevron-right\"><\/i>\n\t\t\t\t\t\t\t\t\t\t<\/a>\n\t\t\t\t\t\t\t\t\t\t\t\t\t\t\t\t\t\t\t<\/div>\n\t\t\t\t\t\t\t\t\t\t\t\t\t\t\t\t\t<\/div>\n\t\t\t\t\t\t\t<\/div>\n\t\t\t\t\t\t<\/div>\n\n\t\t\t\t\t<\/div>\n\t\t\t\t\t\t\t\t\t\t<div class=\"swiper-slide\">\n\n\t\t\t\t\t\t<div class=\"kf-started-item\">\n\t\t\t\t\t\t\t\t\t\t\t\t\t\t<div class=\"slide js-parallax\" style=\"background-image: url('https:\/\/csepelcsapszek.hu\/wp-content\/uploads\/2023\/04\/CSCS_03.png');\"><\/div>\n\t\t\t\t\t\t\t\t\t\t\t\t\t\t<div class=\"container\">\n\t\t\t\t\t\t\t\t<div class=\"description align-left element-anim-1\">\n\t\t\t\t\t\t\t\t\t\t\t\t\t\t\t\t\t\t<div class=\"subtitles\">\n\t\t\t\t\t\t\t\t\t\t<div >\n\t\t\t\t\t\t\t\t\t\t\t<p>\u00dcdv a csapsz\u00e9kben!<\/p>\t\t\t\t\t\t\t\t\t\t<\/div>\n\t\t\t\t\t\t\t\t\t<\/div>\n\t\t\t\t\t\t\t\t\t\t\t\t\t\t\t\t\t\t\t\t\t\t\t\t\t\t\t<div class=\"name text-anim-1\" data-splitting=\"chars\">\n\t\t\t\t\t\t\t\t\t\t<span >\n\t\t\t\t\t\t\t\t\t\t\tK\u00e9zm\u0171ves s\u00f6r <br> Hazai bor\t\t\t\t\t\t\t\t\t\t<\/span>\n\t\t\t\t\t\t\t\t\t<\/div>\n\t\t\t\t\t\t\t\t\t\t\t\t\t\t\t\t\t\t\t\t\t\t\t\t\t\t\t<div class=\"kf-bts\">\n\t\t\t\t\t\t\t\t\t\t\t\t\t\t\t\t\t\t\t\t<a href=\"\/kaffen\/menu-cafe\/\" class=\"kf-btn\">\n\t\t\t\t\t\t\t\t\t\t\t<span >K\u00edn\u00e1latunk<\/span>\n\t\t\t\t\t\t\t\t\t\t\t<i class=\"fas fa-chevron-right\"><\/i>\n\t\t\t\t\t\t\t\t\t\t<\/a>\n\t\t\t\t\t\t\t\t\t\t\t\t\t\t\t\t\t\t\t\t\t\t\t\t\t\t\t\t\t\t<a href=\"\/kaffen\/reservation\/\" class=\"kf-btn dark-btn\">\n\t\t\t\t\t\t\t\t\t\t\t<span >Tal\u00e1lkozzunk<\/span>\n\t\t\t\t\t\t\t\t\t\t\t<i class=\"fas fa-chevron-right\"><\/i>\n\t\t\t\t\t\t\t\t\t\t<\/a>\n\t\t\t\t\t\t\t\t\t\t\t\t\t\t\t\t\t\t\t<\/div>\n\t\t\t\t\t\t\t\t\t\t\t\t\t\t\t\t\t<\/div>\n\t\t\t\t\t\t\t<\/div>\n\t\t\t\t\t\t<\/div>\n\n\t\t\t\t\t<\/div>\n\t\t\t\t\t\t\t\t\t<\/div>\n\n\t\t\t\t<div class=\"swiper-button-prev\"><\/div>\n\t\t\t\t<div class=\"swiper-button-next\"><\/div>\n\n\t\t\t<\/div>\n\t\t<\/section>\n\n\t\t\n\t\t\t\t\t\t<\/div>\n\t\t\t\t<\/div>\n\t\t\t\t\t<\/div>\n\t\t<\/div>\n\t\t\t\t\t<\/div>\n\t\t<\/section>\n\t\t\t\t<section class=\"elementor-section elementor-top-section elementor-element elementor-element-68c2094 elementor-section-content-top elementor-section-stretched elementor-section-boxed elementor-section-height-default elementor-section-height-default\" data-id=\"68c2094\" data-element_type=\"section\" data-settings=\"{&quot;stretch_section&quot;:&quot;section-stretched&quot;}\">\n\t\t\t\t\t\t<div class=\"elementor-container elementor-column-gap-default\">\n\t\t\t\t\t<div class=\"elementor-column elementor-col-100 elementor-top-column elementor-element elementor-element-af9f023\" data-id=\"af9f023\" data-element_type=\"column\">\n\t\t\t<div class=\"elementor-widget-wrap elementor-element-populated\">\n\t\t\t\t\t\t<div class=\"elementor-element elementor-element-2550037 elementor-widget elementor-widget-text-editor\" data-id=\"2550037\" data-element_type=\"widget\" data-widget_type=\"text-editor.default\">\n\t\t\t\t<div class=\"elementor-widget-container\">\n\t\t\t\t\t\t\t\t\t<h3>Csepel Csapsz\u00e9k\u00a0<\/h3><p>egy igaz\u00e1n tal\u00e1l\u00f3 n\u00e9v FOOD TRUCK &#8211; unknak, munk\u00e1nknak. Hiszen egy 50+ \u00e9ves Csepel teheraut\u00f3 fogadta mag\u00e1ba egy modern b\u00e1r teljes technik\u00e1j\u00e1t. B\u00e1r a csapsz\u00e9kben eredetileg csak bort m\u00e9rtek, mi ezt a v\u00e1laszt\u00e9kot jelent\u0151sen megn\u00f6velt\u00fck. Alapesetben is 7 f\u00e9le s\u00f6r melyb\u0151l 2 alkoholmentes, k\u00e9t fajta bor, prosecco, Coca-Cola \u00fcd\u00edt\u0151k, m\u00e1lnasz\u00f6rp, alap &#8220;long drinkek&#8221;, r\u00f6viditalok, egyszer\u0171bb kokt\u00e9lok is megtal\u00e1lhat\u00f3ak k\u00edn\u00e1latunkban. Szer\u00e9nytelens\u00e9g n\u00e9lk\u00fcl mondhatjuk, hogy komplett italszolg\u00e1ltat\u00e1st ny\u00fajtunk ak\u00e1r az erd\u0151 k\u00f6zep\u00e9n, ak\u00e1r a v\u00e1ros dzsungel\u00e9ben.<\/p>\t\t\t\t\t\t\t\t<\/div>\n\t\t\t\t<\/div>\n\t\t\t\t\t<\/div>\n\t\t<\/div>\n\t\t\t\t\t<\/div>\n\t\t<\/section>\n\t\t\t\t<section class=\"elementor-section elementor-top-section elementor-element elementor-element-69c2f4e elementor-section-boxed elementor-section-height-default elementor-section-height-default\" data-id=\"69c2f4e\" data-element_type=\"section\">\n\t\t\t\t\t\t<div class=\"elementor-container elementor-column-gap-default\">\n\t\t\t\t\t<div class=\"elementor-column elementor-col-100 elementor-top-column elementor-element elementor-element-61f6568\" data-id=\"61f6568\" data-element_type=\"column\">\n\t\t\t<div class=\"elementor-widget-wrap elementor-element-populated\">\n\t\t\t\t\t\t<div class=\"elementor-element elementor-element-b3ae9aa elementor-widget elementor-widget-kaffen-blog-grid\" data-id=\"b3ae9aa\" data-element_type=\"widget\" data-widget_type=\"kaffen-blog-grid.default\">\n\t\t\t\t<div class=\"elementor-widget-container\">\n\t\t\t\t\t\n    <!-- Section Latest Blog -->\n    <section class=\"section kf-latest-blog\">\n      <div class=\"container\">\n                <div class=\"kf-titles align-center\">\n                    <div class=\"kf-subtitle element-anim-1 scroll-animate\" data-animate=\"active\">\n            <span >\n              \n\n            <\/span>\n          <\/div>\n                              <h3 class=\"kf-title element-anim-1 scroll-animate\" data-animate=\"active\">\n            <span >\n              H\u00edreink, esem\u00e9nyeink            <\/span>\n          <\/h3>\n                  <\/div>\n        \n                <div class=\"kf-blog-grid-items row\">\n          \n\n<div class=\"col-xs-12 col-sm-12 col-md-12 col-lg-4\">\n\t<div id=\"post-263\" class=\"post-263 post type-post status-publish format-standard has-post-thumbnail hentry category-bor tag-italszerviz\">\n\t\t<div class=\"kf-blog-grid-item element-anim-1 scroll-animate\" data-animate=\"active\">\n\t\t\t\t\t\t<div class=\"image kf-image-hover\">\n\t\t\t\t<a href=\"https:\/\/csepelcsapszek.hu\/index.php\/2023\/09\/23\/swr-react-hooks-with-next-increm-ental-static-regeneration-2\/\"><img decoding=\"async\" src=\"https:\/\/csepelcsapszek.hu\/wp-content\/uploads\/2022\/03\/IMG_20230916_150905-900x405.jpg\" alt=\"Italpultk\u00e9nt egy erdei tiszt\u00e1son\" \/><\/a>\n\t\t\t<\/div>\n\t\t\t\t\t\t<div class=\"desc\">\n\t\t\t\t<h5 class=\"name\">Italpultk\u00e9nt egy erdei tiszt\u00e1son<\/h5>\n\t\t\t\t<div class=\"kf-date\"><i class=\"far fa-calendar-alt\"><\/i>2023-09-23<\/div>\n\t\t\t\t<div class=\"kf-comm\"><i class=\"far fa-comments\"><\/i>Comments  (0)<\/div>\n\t\t\t<\/div>\n\t\t<\/div>\n\t<\/div><!-- #post-263 -->\n<\/div>\n\n\n<div class=\"col-xs-12 col-sm-12 col-md-12 col-lg-4\">\n\t<div id=\"post-261\" class=\"post-261 post type-post status-publish format-standard has-post-thumbnail hentry category-sor category-uncategorized tag-csapolt-sor tag-csapszek tag-csepel-csapszek tag-csepelcsapszek tag-hazhoz-megyunk tag-jeghideg tag-jootlet tag-koktelok tag-meglepetes tag-szuletesnap\">\n\t\t<div class=\"kf-blog-grid-item element-anim-1 scroll-animate\" data-animate=\"active\">\n\t\t\t\t\t\t<div class=\"image kf-image-hover\">\n\t\t\t\t<a href=\"https:\/\/csepelcsapszek.hu\/index.php\/2023\/07\/24\/decisions-for-building-flexible-components-devtools-browser\/\"><img decoding=\"async\" src=\"https:\/\/csepelcsapszek.hu\/wp-content\/uploads\/2022\/03\/355104966_822707536145469_5161347569732938743_n-e1695470040939-900x486.jpg\" alt=\"Meglepet\u00e9sk\u00e9nt egy h\u00e1zibuliban\" \/><\/a>\n\t\t\t<\/div>\n\t\t\t\t\t\t<div class=\"desc\">\n\t\t\t\t<h5 class=\"name\">Meglepet\u00e9sk\u00e9nt egy h\u00e1zibuliban<\/h5>\n\t\t\t\t<div class=\"kf-date\"><i class=\"far fa-calendar-alt\"><\/i>2023-07-24<\/div>\n\t\t\t\t<div class=\"kf-comm\"><i class=\"far fa-comments\"><\/i>Comments  (0)<\/div>\n\t\t\t<\/div>\n\t\t<\/div>\n\t<\/div><!-- #post-261 -->\n<\/div>\n\n\n<div class=\"col-xs-12 col-sm-12 col-md-12 col-lg-4\">\n\t<div id=\"post-1964\" class=\"post-1964 post type-post status-publish format-standard has-post-thumbnail hentry category-uncategorized tag-bkv tag-csapolt-sor tag-csapszek tag-csepel-csapszek tag-csepelcsapszek tag-nyilt-nap\">\n\t\t<div class=\"kf-blog-grid-item element-anim-1 scroll-animate\" data-animate=\"active\">\n\t\t\t\t\t\t<div class=\"image kf-image-hover\">\n\t\t\t\t<a href=\"https:\/\/csepelcsapszek.hu\/index.php\/2023\/05\/20\/bkv-nyilt-nap-obudan\/\"><img decoding=\"async\" src=\"https:\/\/csepelcsapszek.hu\/wp-content\/uploads\/2023\/09\/IMG_7292-900x600.jpg\" alt=\"BKV Ny\u00edlt nap \u00d3bud\u00e1n\" \/><\/a>\n\t\t\t<\/div>\n\t\t\t\t\t\t<div class=\"desc\">\n\t\t\t\t<h5 class=\"name\">BKV Ny\u00edlt nap \u00d3bud\u00e1n<\/h5>\n\t\t\t\t<div class=\"kf-date\"><i class=\"far fa-calendar-alt\"><\/i>2023-05-20<\/div>\n\t\t\t\t<div class=\"kf-comm\"><i class=\"far fa-comments\"><\/i>Comments  (0)<\/div>\n\t\t\t<\/div>\n\t\t<\/div>\n\t<\/div><!-- #post-1964 -->\n<\/div>\n\n\n<div class=\"col-xs-12 col-sm-12 col-md-12 col-lg-4\">\n\t<div id=\"post-1\" class=\"post-1 post type-post status-publish format-standard has-post-thumbnail hentry category-uncategorized\">\n\t\t<div class=\"kf-blog-grid-item element-anim-1 scroll-animate\" data-animate=\"active\">\n\t\t\t\t\t\t<div class=\"image kf-image-hover\">\n\t\t\t\t<a href=\"https:\/\/csepelcsapszek.hu\/index.php\/2023\/05\/01\/hello-world\/\"><img decoding=\"async\" src=\"https:\/\/csepelcsapszek.hu\/wp-content\/uploads\/2023\/09\/349192142_768083038151308_1923493951707192604_n-900x600.jpg\" alt=\"Elindult a Csepel Csapsz\u00e9k\" \/><\/a>\n\t\t\t<\/div>\n\t\t\t\t\t\t<div class=\"desc\">\n\t\t\t\t<h5 class=\"name\">Elindult a Csepel Csapsz\u00e9k<\/h5>\n\t\t\t\t<div class=\"kf-date\"><i class=\"far fa-calendar-alt\"><\/i>2023-05-01<\/div>\n\t\t\t\t<div class=\"kf-comm\"><i class=\"far fa-comments\"><\/i>Comments  (0)<\/div>\n\t\t\t<\/div>\n\t\t<\/div>\n\t<\/div><!-- #post-1 -->\n<\/div>\n        <\/div>\n\n        \n                      <\/div>\n    <\/section>\n\n\t\t\t\t\t\t<\/div>\n\t\t\t\t<\/div>\n\t\t\t\t\t<\/div>\n\t\t<\/div>\n\t\t\t\t\t<\/div>\n\t\t<\/section>\n\t\t\t\t<\/div>\n\t\t","protected":false},"excerpt":{"rendered":"<p>Made in Hungary A csapok m\u00f6g\u00f6tt: Csepel D-344 K\u00edn\u00e1latunk Tal\u00e1lkozzunk Csepel Csapsz\u00e9k S\u00f6rre borMindenkor! K\u00edn\u00e1latunk Tal\u00e1lkozzunk \u00dcdv a csapsz\u00e9kben! K\u00e9zm\u0171ves s\u00f6r Hazai bor K\u00edn\u00e1latunk Tal\u00e1lkozzunk Csepel Csapsz\u00e9k\u00a0 egy igaz\u00e1n tal\u00e1l\u00f3 n\u00e9v FOOD TRUCK &#8211; unknak, munk\u00e1nknak. Hiszen egy 50+ \u00e9ves Csepel teheraut\u00f3 fogadta mag\u00e1ba&#8230; <\/p>\n<div class=\"readmore\"><a href=\"https:\/\/csepelcsapszek.hu\/index.php\/2023\/05\/01\/hello-world\/\" class=\"kf-btn-link\"><span>Read more<\/span> <i class=\"fas fa-chevron-right\"><\/i><\/a><\/div>\n","protected":false},"author":1,"featured_media":0,"parent":0,"menu_order":0,"comment_status":"closed","ping_status":"closed","template":"template-layout-builder.php","meta":{"footnotes":""},"class_list":["post-17","page","type-page","status-publish","hentry"],"acf":[],"_links":{"self":[{"href":"https:\/\/csepelcsapszek.hu\/index.php\/wp-json\/wp\/v2\/pages\/17","targetHints":{"allow":["GET"]}}],"collection":[{"href":"https:\/\/csepelcsapszek.hu\/index.php\/wp-json\/wp\/v2\/pages"}],"about":[{"href":"https:\/\/csepelcsapszek.hu\/index.php\/wp-json\/wp\/v2\/types\/page"}],"author":[{"embeddable":true,"href":"https:\/\/csepelcsapszek.hu\/index.php\/wp-json\/wp\/v2\/users\/1"}],"replies":[{"embeddable":true,"href":"https:\/\/csepelcsapszek.hu\/index.php\/wp-json\/wp\/v2\/comments?post=17"}],"version-history":[{"count":119,"href":"https:\/\/csepelcsapszek.hu\/index.php\/wp-json\/wp\/v2\/pages\/17\/revisions"}],"predecessor-version":[{"id":2539,"href":"https:\/\/csepelcsapszek.hu\/index.php\/wp-json\/wp\/v2\/pages\/17\/revisions\/2539"}],"wp:attachment":[{"href":"https:\/\/csepelcsapszek.hu\/index.php\/wp-json\/wp\/v2\/media?parent=17"}],"curies":[{"name":"wp","href":"https:\/\/api.w.org\/{rel}","templated":true}]}}